vided by k?
55
What is the remainder when 61 + 5 + (-4)/((-4)/1) is divided by 17?
16
Suppose 4*c - 9*c - 4*l = -32, c - 4*l = -8. Suppose -5*s = c*h - 218, 0 = 5*s + 4*h - h - 221. Calculate the remainder when 91 is divided by s.
45
Let o = -911 - -1553. What is the remainder when o is divided by 4?
2
Let l be 48*-3*(-3)/(-18). Let v = -5 - l. What is the remainder when 55 is divided by v?
17
Let f(u) = u**2 - 16. What is the remainder when 131 is divided by f(7)?
32
What is the remainder when 194 is divided by ((-1)/3)/(-6 + 1255/210)?
12
Let i = 55 + 131. Let u = i + -28. What is the remainder when (-4)/(-18) + u/18 is divided by 4?
1
Let m = -1146 - -1151. Calculate the remainder when 41 is divided by m.
1
Let f(l) = 2*l**2 + 8*l + 5. Let i = 48 - 23. Suppose 15*j - 10*j + i = 0. What is the remainder when 44 is divided by f(j)?
14
Suppose 0 = 8*h - 50 - 70. What is the remainder when 43 is divided by h?
13
Let x = 53 + -43. Suppose 0 = x*a - 15*a + 550. Calculate the remainder when a is divided by 28.
26
Let l = 73 + 35. Suppose 0 = r + 5*w - l, 4*r - 216 - 91 = 5*w. What is the remainder when r is divided by -1 + 1 + (1 - -27)?
27
What is the remainder when 675 is divided by (45/25 - 3)/((-6)/130)?
25
Suppose -6*m + 9*m - 12 = 0. Suppose -2*i - h = -170, 0 = -i - 4*i + m*h + 438. What is the remainder when i is divided by 11?
9
Suppose -5*b + 202 = 5*s - 2*b, -4*s + 156 = b. Calculate the remainder when s is divided by 32844/2516 + 6/(-111).
12
Let b = 56 + -27. Let f(v) = 5*v**2 + 2*v - 5. Let s(l) = 9*l**2 + 4*l - 10. Let q(n) = -7*f(n) + 4*s(n). Calculate the remainder when b is divided by q(-5).
9
Let t(a) = -12*a**3 + 2*a**2 + 14*a + 13. Calculate the remainder when t(-1) is divided by (((-20)/3)/(-5)*12)/2.
5
Suppose -292 = -0*i - 4*i. Let t = -3 + 6. Suppose -3*p - 95 = -5*l - 0*p, 0 = 4*l - t*p - 76. Calculate the remainder when i is divided by l.
16
Suppose 289 - 845 = -4*k. Calculate the remainder when k is divided by 28.
27
Let c(a) = -a**2 - a + 12. Let p be c(4). Let o(j) be the first derivative of -2*j**2 + 3*j - 2. What is the remainder when o(p) is divided by 12?
11
Suppose -2*a + 54 + 89 = 3*o, 2*o + 10 = 0. Calculate the remainder when a is divided by 9.
7
Let z(w) = 4*w + 2. Suppose 5*s = 8*s - 12. Suppose 3*h = s*u - 17 + 3, u - 3 = h. What is the remainder when 36 is divided by z(h)?
6
Let x = 48 - 43. What is the remainder when 49 is divided by -201*(-4)/60 + (-2)/x?
10
Let k = 5 + 4. Suppose -3*n + 101 = -2*s, 3*n = 4*n - 3*s - 36. What is the remainder when n is divided by k?
6
Let h be 0 + 5 + 3/(-1). Suppose -8 = 2*v + h. Calculate the remainder when ((-141)/(-12))/(v/(-60)) is divided by 36.
33
Suppose 369 - 65 = -4*q. Let s = -54 - q. Let r = 22 + -14. Calculate the remainder when s is divided by r.
6
Let t = 7 - -18. Suppose 12*d - 1328 = -440. What is the remainder when d is divided by t?
24
Let m = -17 - -57. Let n(j) = j**3 + 16*j**2 - j - 12. Let g be n(-16). Calculate the remainder when m is divided by 3 + g + 3 - -4.
12
Suppose 5*q = -l + 83, -2*q + 3*l - 15 + 38 = 0. What is the remainder when 26 is divided by q?
10
Let d be (-9)/4 + 6/24. What is the remainder when 22 is divided by ((-48)/40)/(d/15)?
4
What is the remainder when (-3)/12 + 275/44 is divided by (-1)/(-4) + 14/8?
0
Suppose 5 = 3*y - 55. Suppose -8 = -2*f + y. Let r = f - 7. Calculate the remainder when 19 is divided by r.
5
Suppose -2 = 3*i - 2*x, i - x = x - 6. Suppose -3*t - i*h = -117, -208 = -5*t - 2*h + 3*h. Calculate the remainder when t is divided by 22.
19
Let j(a) = a + 44. What is the remainder when j(30) is divided by 22?
8
Let p(o) = 3*o - 12. Suppose 2*h - 20 = -0*h. Let z be p(h). Let y = 75 - z. Calculate the remainder when y is divided by 20.
17
Suppose -a - 4 + 6 = 0. Suppose 3*t + 15 = 0, -a*i - 4*t = 3*i - 15. What is the remainder when 30 is divided by i?
2
Let k(x) be the third derivative of -x**4/24 + 5*x**3/3 - 3*x**2. Let o be (-1 + -14)/(-3) + -1. Calculate the remainder when k(o) is divided by 2.
0
Let k(x) = -88*x**3 - 3*x - 3. Calculate the remainder when 791 is divided by k(-1).
87
Suppose -2*o = -2*g - 90, 2*g - 30 = 9*o - 10*o. What is the remainder when 118 is divided by o?
38
Let p(j) = -j**2 + 16*j + 41. Calculate the remainder when 41 is divided by p(18).
1
What is the remainder when (-3860)/(-14) + 74/259 is divided by 31?
28
Suppose -29*k + 7287 = -1181. Calculate the remainder when k is divided by 25.
17
Let m = 9 + -7. Suppose 3*t + m*c + 24 = -2, -2*t - 2*c = 18. What is the remainder when 59 is divided by (t/3)/((-8)/60)?
19
Suppose 16*s - 2160 = 6*s. Suppose 2*p + 4 = 0, 4*p = 6*r - 2*r - s. What is the remainder when r is divided by 11?
8
Let r(t) be the third derivative of -t**6/120 - 17*t**5/60 - 17*t**4/24 - 5*t**3/6 + 8*t**2. What is the remainder when r(-16) is divided by 2?
1
Suppose 4374 - 13086 = -44*n. What is the remainder when n is divided by 32?
6
Let s = -16 + 132. Calculate the remainder when s is divided by 31.
23
Suppose -1 = f, -25 = -d + 3*f - 13. Calculate the remainder when 89 is divided by d.
8
Calculate the remainder when (-5 - -3)*78/(-4) is divided by (-68)/(-2)*97/194.
5
Suppose -4*o + 20 = c, 2*c - 40 - 6 = -2*o. Let m = c + -24. Suppose -5*h = 4*a - 3*a - 42, -3*a - 4*h + 104 = m. What is the remainder when a is divided by 11?
10
Suppose 4*x = 3*q - 223, 0*q - 219 = 4*x + q. Let z = -7 - x. Let v = z + -3. Calculate the remainder when v is divided by 12.
9
Suppose -4*k + 46 = 2*i, -2*i = -4*i + 10. Let g(z) = -z**3 + 18*z**2 - 12*z - 71. What is the remainder when g(17) is divided by k?
5
Let g = 10 + 6. What is the remainder when 87 is divided by g?
7
Let d = 137 + -82. What is the remainder when 211 is divided by d?
46
Suppose 28*n - 29*n - 2201 = -2*v, 3*v + 4*n = 3274. Calculate the remainder when v is divided by 22.
20
Let j(v) be the first derivative of -13*v**2/2 - 10*v - 7. Calculate the remainder when j(-6) is divided by 14.
12
Let k be ((-64)/4)/(-4) - -1. Let d be 5*2/8*4. Suppose -15 + k = -d*v. Calculate the remainder when 10 is divided by v.
0
What is the remainder when 25*((-2)/9)/((-2)/18) is divided by 13?
11
Let y(d) = -41*d + d**3 - 9*d**2 + 31*d + 0*d**3. Let j be y(10). Suppose 0 = n - j*n - 11. What is the remainder when n is divided by 4?
3
Let r be (2/5)/(3/45). Suppose -r = -2*k + 2*a, -2*a = 5*k + 3*a - 35. Calculate the remainder when k is divided by 2.
1
Suppose 9*o - 6525 = -66*o. Calculate the remainder when 172 is divided by o.
85
Suppose 2068 - 14132 = -104*t. What is the remainder when t is divided by 110?
6
Let g be 43/(1/(-1)) + 1. Let r(m) = 7*m - 19. Let u be r(3). What is the remainder when u + g/(-3) + 3 is divided by 10?
9
Let v(h) = 7*h**3 + 3*h - 65. Let q(b) = b - 52*b**2 + 52*b**2 - 32 + 3*b**3. Let i(d) = -5*q(d) + 2*v(d). Calculate the remainder when 58 is divided by i(0).
28
Suppose g - 3 = 4*w + 27, -2*w - 4 = 5*g. Let t(z) = z**2 + 5*z - 6. Let x be t(w). Suppose -3*d - 90 = -x*d. What is the remainder when 34 is divided by d?
16
Let j = -33 - -64. Calculate the remainder when 154 is divided by j.
30
Suppose 0 = -4*v - 158 - 14. Let y = 110 + v. Let g = 13 + 4. What is the remainder when y is divided by g?
16
Suppose -62*f + 65*f = 87. Calculate the remainder when 58 is divided by f.
0
Suppose -m + 60 = 3*k, 148 = -4*m + 3*k + 403. What is the remainder when 246 is divided by m?
57
Suppose 0 = 320*h - 323*h + 357. Suppose -3*t + 2*v + 15 = -10, 4*v + 17 = 3*t. Calculate the remainder when h is divided by t.
9
Let d(x) = -x**2 - 14*x + 22. Suppose 2*p + 14 = -16. Let t be d(p). Suppose 4*s - t*s + 18 = 0. Calculate the remainder when 10 is divided by s.
4
Suppose 0*b = -3*b + 15, 2*z - 56 = -4*b. What is the remainder when 61 is divided by z?
7
Let d(h) = -h**3 + h**2 + 11. Let m be (-21)/28 - (-3)/4. What is the remainder when 30 is divided by d(m)?
8
Suppose -3*h + 0*f + 9 = -3*f, -4 = -3*h + 4*f. Suppose 0 = 4*d - h. Calculate the remainder when 4*2/(-2)*-1 is divided by d.
0
Suppose 4*p - 2*m = -7*m - 9, -m = 4*p - 11. What is the remainder when p/20 + 1148/10 is divided by 29?
28
Let s be (2 + 0/(-3))*28/8. Suppose -s = -3*v + 8. Let q = 2 + 0. What is the remainder when v is divided by q?
1
Let n(y) = -y**3 - 3